{"version":"1.0","provider_name":"Resid\u00e8ncia Geri\u00e0trica L&#039;Estada","provider_url":"https:\/\/lestada.com\/es\/","author_name":"Einagrafic","author_url":"https:\/\/lestada.com\/es\/author\/einagrafic\/","title":"Estado actual del Plan de Acompa\u00f1amiento Sociosanitario - Resid\u00e8ncia Geri\u00e0trica L&#039;Estada","type":"rich","width":600,"height":338,"html":"<blockquote class=\"wp-embedded-content\" data-secret=\"Ug7ctUlDDt\"><a href=\"https:\/\/lestada.com\/es\/estat-actual-del-pla-dacompanyament-sociosanitari\/\">Estado actual del Plan de Acompa\u00f1amiento Sociosanitario<\/a><\/blockquote><iframe sandbox=\"allow-scripts\" security=\"restricted\" src=\"https:\/\/lestada.com\/es\/estat-actual-del-pla-dacompanyament-sociosanitari\/embed\/#?secret=Ug7ctUlDDt\" width=\"600\" height=\"338\" title=\"\u00abEstado actual del Plan de Acompa\u00f1amiento Sociosanitario\u00bb \u2014 Resid\u00e8ncia Geri\u00e0trica L&#039;Estada\" data-secret=\"Ug7ctUlDDt\" frameborder=\"0\" marginwidth=\"0\" marginheight=\"0\" scrolling=\"no\" class=\"wp-embedded-content\"><\/iframe><script>\n\/*! This file is auto-generated *\/\n!function(d,l){\"use strict\";l.querySelector&&d.addEventListener&&\"undefined\"!=typeof URL&&(d.wp=d.wp||{},d.wp.receiveEmbedMessage||(d.wp.receiveEmbedMessage=function(e){var t=e.data;if((t||t.secret||t.message||t.value)&&!\/[^a-zA-Z0-9]\/.test(t.secret)){for(var s,r,n,a=l.querySelectorAll('iframe[data-secret=\"'+t.secret+'\"]'),o=l.querySelectorAll('blockquote[data-secret=\"'+t.secret+'\"]'),c=new RegExp(\"^https?:$\",\"i\"),i=0;i<o.length;i++)o[i].style.display=\"none\";for(i=0;i<a.length;i++)s=a[i],e.source===s.contentWindow&&(s.removeAttribute(\"style\"),\"height\"===t.message?(1e3<(r=parseInt(t.value,10))?r=1e3:~~r<200&&(r=200),s.height=r):\"link\"===t.message&&(r=new URL(s.getAttribute(\"src\")),n=new URL(t.value),c.test(n.protocol))&&n.host===r.host&&l.activeElement===s&&(d.top.location.href=t.value))}},d.addEventListener(\"message\",d.wp.receiveEmbedMessage,!1),l.addEventListener(\"DOMContentLoaded\",function(){for(var e,t,s=l.querySelectorAll(\"iframe.wp-embedded-content\"),r=0;r<s.length;r++)(t=(e=s[r]).getAttribute(\"data-secret\"))||(t=Math.random().toString(36).substring(2,12),e.src+=\"#?secret=\"+t,e.setAttribute(\"data-secret\",t)),e.contentWindow.postMessage({message:\"ready\",secret:t},\"*\")},!1)))}(window,document);\n\/\/# sourceURL=https:\/\/lestada.com\/wp-includes\/js\/wp-embed.min.js\n<\/script>\n","thumbnail_url":"http:\/\/lestada.com\/wp-content\/uploads\/2022\/03\/estada-avis-12.jpg","thumbnail_width":2000,"thumbnail_height":1333,"description":"Horarios visitas: 10h30&#8242;-13h \/ 14h-19h Los pacientes no COVID reciben las visitas sin cita previa. En cambio, los pacientes COVID+ pueden recibir visitas pidiendo hora y entrando de una en una hasta un m\u00e1ximo de 2. En situaciones de fin de vida, no existe l\u00edmite horario ni de visitas al d\u00eda. Visitas de hasta 2 [&hellip;]"}

Residència Geriàtrica L&#039;Estada

Estado actual del Plan de Acompañamiento Sociosanitario - Residència Geriàtrica L&#039;Estada

<blockquote class="wp-embedded-content" data-secret="Ug7ctUlDDt"><a href="https://lestada.com/es/estat-actual-del-pla-dacompanyament-sociosanitari/">Estado actual del Plan de Acompañamiento Sociosanitario</a></blockquote><iframe sandbox="allow-scripts" security="restricted" src="https://lestada.com/es/estat-actual-del-pla-dacompanyament-sociosanitari/embed/#?secret=Ug7ctUlDDt" width="600" height="338" title="«Estado actual del Plan de Acompañamiento Sociosanitario» — Residència Geriàtrica L&#039;Estada" data-secret="Ug7ctUlDDt" frameborder="0" marginwidth="0" marginheight="0" scrolling="no" class="wp-embedded-content"></iframe><script>
/*! This file is auto-generated */
!function(d,l){"use strict";l.querySelector&&d.addEventListener&&"undefined"!=typeof URL&&(d.wp=d.wp||{},d.wp.receiveEmbedMessage||(d.wp.receiveEmbedMessage=function(e){var t=e.data;if((t||t.secret||t.message||t.value)&&!/[^a-zA-Z0-9]/.test(t.secret)){for(var s,r,n,a=l.querySelectorAll('iframe[data-secret="'+t.secret+'"]'),o=l.querySelectorAll('blockquote[data-secret="'+t.secret+'"]'),c=new RegExp("^https?:$","i"),i=0;i<o.length;i++)o[i].style.display="none";for(i=0;i<a.length;i++)s=a[i],e.source===s.contentWindow&&(s.removeAttribute("style"),"height"===t.message?(1e3<(r=parseInt(t.value,10))?r=1e3:~~r<200&&(r=200),s.height=r):"link"===t.message&&(r=new URL(s.getAttribute("src")),n=new URL(t.value),c.test(n.protocol))&&n.host===r.host&&l.activeElement===s&&(d.top.location.href=t.value))}},d.addEventListener("message",d.wp.receiveEmbedMessage,!1),l.addEventListener("DOMContentLoaded",function(){for(var e,t,s=l.querySelectorAll("iframe.wp-embedded-content"),r=0;r<s.length;r++)(t=(e=s[r]).getAttribute("data-secret"))||(t=Math.random().toString(36).substring(2,12),e.src+="#?secret="+t,e.setAttribute("data-secret",t)),e.contentWindow.postMessage({message:"ready",secret:t},"*")},!1)))}(window,document);
//# sourceURL=https://lestada.com/wp-includes/js/wp-embed.min.js
</script>

Horarios visitas: 10h30&#8242;-13h / 14h-19h Los pacientes no COVID reciben las visitas sin cita previa. En cambio, los pacientes COVID+ pueden recibir visitas pidiendo hora y entrando de una en una hasta un máximo de 2. En situaciones de fin de vida, no existe límite horario ni de visitas al día. Visitas de hasta 2 [&hellip;]
